27
Suppose 3*o + 2*o = 180. Suppose 2*u - o + 4 = 0. Suppose -u - 6 = -2*w. List the prime factors of w.
11
Let i be 2/3*(-63)/(-6). Let k = i + -10. List the prime factors of (-17)/(-3) - (-2)/k.
5
Let k(p) = -p**2 - 3*p + 2. Let a be k(-3). Suppose -a*j + 4 = -j. Suppose -j*r + 0*n - 2*n = -36, -4*r - 5*n = -42. What are the prime factors of r?
2
Suppose 4*k - 12 = 4. Suppose -k*d - 56 + 188 = 0. List the prime factors of d.
3, 11
What are the prime factors of 12/(-8) - (-278)/4?
2, 17
Let c be 3/(-3)*0/(-3). Suppose c*a + 21 = a. Suppose -51 = -3*w - 5*b, w + 2*b = -3 + a. What are the prime factors of w?
2, 3
Let c(q) = q**2 - 9*q - 4. Let d(i) = i + 1. Let t(h) = c(h) + 5*d(h). What are the prime factors of t(6)?
13
Let t = -7 - -9. Suppose t*k - 5*l + 0*l = 17, -58 = -3*k + l. What are the prime factors of k?
3, 7
Let m = -2 - -2. Suppose m*p - 3*x + 5 = p, 2*p = x + 3. Suppose -p*k = -6 - 4. What are the prime factors of k?
5
What are the prime factors of 75*13*(-3)/(-9)?
5, 13
Suppose 12 = -3*r, -3*n + 162 = -0*n + 3*r. List the prime factors of n.
2, 29
Suppose -2*o + 3*g = o + 117, -4*o = 4*g + 172. Let u = 57 + o. List the prime factors of u.
2
Let c(i) = 14*i + 29. List the prime factors of c(6).
113
What are the prime factors of (-28)/(-15) - 24/(-180)?
2
Let j(g) = -16*g - 7 + 2 - 5 - g**2. List the prime factors of j(-12).
2, 19
Let m(g) = g**2 - 12*g + 7. Let c be m(12). Let s(d) = 2*d - 9. List the prime factors of s(c).
5
What are the prime factors of 1/3*(-1593)/(-9)?
59
Let h(o) = o**2 + o - 4. Let s(v) = -v**2 - v + 1. Let k be s(1). Let p be 0 + k + -1 + -1. What are the prime factors of h(p)?
2
What are the prime factors of 1/3 - (-30101)/93?
2, 3
Suppose 0*l + 7*l = 1232. What are the prime factors of l?
2, 11
Let k = 6 + -1. Suppose -4*x = 3*y - 51, -x - 5 = -k*y + 11. What are the prime factors of x?
3
Let b(t) = 6*t**2 - 1. Let u(p) = p**2 - 3*p - 5. Let i be u(4). Let o be b(i). Suppose 4*w = o*d - 44, 4*d - 5*w - 46 = -18. What are the prime factors of d?
2, 3
Suppose 2*b + 3*b + 80 = 2*k, 0 = -4*k + 2*b + 160. What are the prime factors of k?
2, 5
Let d(j) = j**3 + 3*j**2 - 4*j + 5. Suppose 8 = -0*u - 2*u. Let b be d(u). Suppose -2*g = l - 7 - 3, -b*g + 25 = 3*l. What are the prime factors of g?
5
Let t(x) = x**2 - x + 4. Let q(r) = r**3 + r + 3. Let u be q(0). What are the prime factors of t(u)?
2, 5
Let d(y) = y**3 + 6*y**2 - 4*y - 3. Let x be d(-6). What are the prime factors of 12/(-42) - (-216)/x?
2, 5
List the prime factors of -4 - -4 - -1 - -27.
2, 7
Let q = -67 - -114. What are the prime factors of q?
47
Let i(t) = 3*t + 6. What are the prime factors of i(2)?
2, 3
Suppose -r + 17 = -2*b, 1 = r - 3*b - 21. Let g = 0 + r. List the prime factors of g.
7
Let x(b) = 2*b**3 - 4*b**2 - b. Let o be x(3). Suppose o = q + 4*q. Suppose -k - 3*f - 12 + 4 = 0, -5*f - 4 = q*k. What are the prime factors of k?
7
Let i be 9*-1*(-2)/2. Suppose 30 = 3*f + 2*f. What are the prime factors of (-44)/(-6) + f/i?
2
Suppose -2*y + 169 = -o - 169, 0 = 4*y - 8. What are the prime factors of o/(-14) + (-2)/(-14)?
2, 3
Let h(v) = v**2 - 4*v - 6. Let u be h(5). Suppose 5*b = 3*b + 4. What are the prime factors of ((-10)/4)/(u/b)?
5
Let k = 3 + 20. List the prime factors of k.
23
What are the prime factors of 2*(0 + -1) - -19?
17
Let v(y) = -3*y**3 - 3*y**2 - y + 2. What are the prime factors of v(-2)?
2
Suppose 0 = a + 5*h - 33, -3*h = -3*a - 0*h + 9. What are the prime factors of a?
2
Let c be (-2)/5 + (-4018)/(-70). Suppose 4*s - 101 = -0*s - 3*k, c = 3*s - 4*k. List the prime factors of s.
23
Let s(a) = -a**3 - 6*a**2 - 6*a - 1. Let t(l) = 24*l**3 + l. Let j be t(1). Suppose -j = -5*r + 10*r. What are the prime factors of s(r)?
2
Suppose -x = 5*h - 3*x - 6, 0 = -3*h + 2*x + 6. Suppose h = -4*w + b - 20, -3*w - w = 3*b + 20. Let v = 15 + w. What are the prime factors of v?
2, 5
Let d be -4*3/(-6) - -27. Suppose -o + d = 4*v, -6*o = -o - v - 124. What are the prime factors of o?
5
Let y be (-4)/14 - (-111)/21. Suppose -y*k + 56 = -9. What are the prime factors of k?
13
Let z(u) = u + 1. Let i be z(-7). List the prime factors of 34*(-1)/i*3.
17
Let m(o) = -o**2 + 14*o - 6. What are the prime factors of m(10)?
2, 17
Let q = 17 - 12. Suppose -2*i - 11 = q*r - 2*r, 6 = -2*i - 2*r. List the prime factors of i/(-1) + 2*5.
2
Let w(h) = h**2 + 4*h - 25. List the prime factors of w(7).
2, 13
Let q be (-39)/(-15) - (-6)/15. Suppose -4*c + 4 = -q*c. Suppose -t = c*h - 12 - 37, -h + 7 = -5*t. List the prime factors of h.
2, 3
Let u be 7*(-2)/(-2)*2. Let c be 4/u - 201/(-7). Suppose -4*w + n + c = w, 0 = 3*n - 3. What are the prime factors of w?
2, 3
Let q(p) = -2*p - 6. List the prime factors of q(-5).
2
Let d(f) be the second derivative of -5*f**3/6 + f**2 + f. List the prime factors of d(-3).
17
Let t(s) be the third derivative of s**5/60 - s**4/4 - s**3/2 + 3*s**2. Let y be t(9). Let x = y - 16. List the prime factors of x.
2
Let m(n) = -n**2 - 2*n + 70. What are the prime factors of m(0)?
2, 5, 7
Let u = -74 - -123. What are the prime factors of u?
7
Suppose -4*d = 2*y - 0*y - 72, -3*d - 51 = -2*y. What are the prime factors of y?
2, 3, 5
Suppose -2*k + 0 = -6. List the prime factors of k.
3
What are the prime factors of 202/3*3 - (-8 - -5)?
5, 41
Let q(j) = 2*j**2 + 13*j - 38. What are the prime factors of q(-14)?
2, 43
Let d(z) = 27*z**3 + z - 1. List the prime factors of d(1).
3
Let n = -30 - -45. Suppose -2*f - n = -5*f. Suppose -f*w = -58 - 7. List the prime factors of w.
13
Let x(z) = 5*z - 7. What are the prime factors of x(3)?
2
List the prime factors of 1 - (-3 + -3 + 2).
5
Let s be 3/3*1 - 11. What are the prime factors of ((-1)/(-2))/((-1)/s)?
5
Let y(l) = -l**3 - 4*l**2 + 3*l + 2. Let g be y(-5). Suppose 5*a + g = 77. List the prime factors of a.
13
Let y be (0 + (-12)/(-9))*3. Suppose y*z - z + 57 = 0. Let d = -9 - z. What are the prime factors of d?
2, 5
Let r be 2*(-1)/6*-15. Let v(g) = 4*g**2 + 2*g + 4. Let s be v(-2). Let l = s - r. List the prime factors of l.
11
Suppose -4*z - 29 = -9. Suppose -2*v + 45 = v. What are the prime factors of (-1)/z + 237/v?
2
Let c be 4/3*15/10. Suppose 4*w - 2 = 2*u + c, -2*u = -2*w + 4. Suppose w = -2*f + 3*f - 11. List the prime factors of f.
11
Let q = -8 - 0. Let h(n) = -n**2 - 10*n + 2. What are the prime factors of h(q)?
2, 3
Let q(b) = -b + 2. Let a(z) = z**3 + 4*z**2 - 2*z - 1. Let c be a(-4). Suppose -4*x + 5*y = c + 19, -y = x + 2. List the prime factors of q(x).
2, 3
Suppose 2*a = -3*a + 60. Let t = 20 - a. List the prime factors of t.
2
Suppose 5*a - 2*b = 87, 2*a - 2*b = -0*a + 36. What are the prime factors of a?
17
Let g(h) = 5*h + 3. What are the prime factors of g(4)?
23
Let r be -1 + (0 + -1)*-37. Let v = r + -22. List the prime factors of v.
2, 7
Suppose 4*b + 3*p = -52, -3*b + 3*p = -4*b - 4. What are the prime factors of (-814)/b - 2/(-16)?
3, 17
Suppose -4*t + 34 = 14, -t - 47 = -4*i. Suppose 4*u - i = -37. Let c = -1 - u. List the prime factors of c.
5
Suppose 4*o - u - 43 = -6, -4*o + 4*u = -40. Let r = o - 5. What are the prime factors of r?
2
Let k be 10 - (-3 - -3)/2. List the prime factors of k*2 - (-1 + -1).
2, 11
Let q(t) = -23*t. What are the prime factors of q(-2)?
2, 23
Let v(r) = -r**2 - 4 + 2 + 6*r - 2. What are the prime factors of v(4)?
2
Suppose d - 134 = 4*c + 29, 2*c = -d + 163. List the prime factors of d.
163
Let b(f) = f**3 - 6*f**2 + f - 4. Let t be b(6). Let a be (0 + -2 + t)/(-2). Suppose 0 = -3*o - 5*s + 62, a*o - 5*o + 3*s + 58 = 0. List the prime factors of o.
2, 7
Suppose 0 = -5*c + 1 + 4. Let l be (-3)/(4/5 - c). Suppose l = y - 4*f + 2*f, -5*y + 4*f = -45. What are the prime factors of y?
5
What are the prime factors of (-11)/(-22)*(136 - 2)?
67
Suppose -4*x = -3*u + 101, 0 = -0*u - 2*u - 4*x + 74. What are the prime factors of u?
5, 7
Suppose 0*v + 276 = 6*v. What are the prime factors of v?
2, 23
Suppose 3*w - w - 2*d - 248 = 0, 3*w - 362 = -2*d. List the prime factors of w.
2, 61
Let a = -5 - -8. Suppose -19 = a*p - 64. What are the prime factors of p?
3, 5
Let a(q) = 3*q**2 - 9*q + 14. List the prime factors of a(6).
2, 17
Let g be (-5 + 1)/(2/(-1)). Let i = -34 - -37. What are the prime factors of (42/9)/(g/i)?
7
Let r(k) = -3*k - 3